v - 13. Let y = v - -10. What is the tens digit of y?
1
Suppose -3*y = -d + 223, 4*y - 263 - 173 = -2*d. Let m(l) = l**3 + 6*l**2 + 7*l - 1. Let f be m(-4). Suppose 2*c - d = -f*c. What is the units digit of c?
4
Let s = 90 + 243. What is the hundreds digit of s?
3
Let g(r) = -23*r**3 + r**2 - 8. Let m(h) = 45*h**3 - h**2 + h + 16. Let u(d) = -5*g(d) - 2*m(d). What is the units digit of u(2)?
2
Let t(j) = 13*j**3 - 5*j**2 + 8*j - 30. What is the tens digit of t(3)?
0
Let y(h) = 4*h**2 + 16*h + 113. What is the hundreds digit of y(-8)?
2
Suppose -3*u = 4*h - 3991, -2 + 8 = -3*h. What is the hundreds digit of u?
3
Let x(r) = -7*r + 788. What is the units digit of x(0)?
8
What is the tens digit of (-6)/(-42) + (-8035)/(-7)?
4
Suppose n = 52 - 5. Let d = n + 19. What is the tens digit of d?
6
Let o = 238 + 36. What is the units digit of o?
4
Let i(w) = -24 + 29 - 3*w + 65 + w. What is the hundreds digit of i(-23)?
1
Let j = -32 + 169. Let p = j + -34. What is the hundreds digit of p?
1
Let g = 1826 - 641. What is the tens digit of g?
8
Suppose j = g - 5*g - 10, 5*j = -5*g - 20. What is the units digit of ((-1484)/(-70))/(g/(-5))?
3
Let d = 11 - 2. Suppose -z - 5*j + 194 - d = 0, -5*z - 4*j + 946 = 0. Suppose 4*h + h = z. What is the units digit of h?
8
Let v(h) = 23*h**3 + 7*h**2 - 38*h + 3. What is the hundreds digit of v(4)?
4
Let a = -71 - -489. Suppose -3*o + a = 3*f - f, 5*f - 135 = -o. What is the hundreds digit of o?
1
Let u be 14*(-55)/(-10)*(0 - 3). What is the units digit of (2 - 1)/(4 - (-917)/u)?
3
Suppose 0*c + 3 = -3*c, -4*a + 2*c + 34 = 0. Suppose -a*g + 11*g - 24 = 0. What is the units digit of g?
8
Let q = -1510 - -4080. What is the thousands digit of q?
2
Suppose 0 = -45*g + 73*g - 20580. What is the tens digit of g?
3
Let o = 15 + -55. Let z = 92 + o. What is the tens digit of z?
5
Let m be 8/(-36) - 2666/(-9). What is the units digit of m/3 + -2 + (-2)/(-6)?
7
Suppose -r - 3586 = -3*g, 3*g = -4*r + 2225 + 1341. What is the thousands digit of g?
1
Suppose a = -2*a + 4*h + 3125, -2*a - h + 2098 = 0. Suppose -6*l + 177 + a = 0. What is the hundreds digit of l?
2
Suppose 0 = 5*n + 3*i - 2320, 10*n = 5*n - 5*i + 2330. What is the units digit of n?
1
What is the hundreds digit of 1854/(-54)*54/(-3)*4?
4
Suppose -5*d - 78 = -2*k, 6*d - 5*d = 3*k - 91. What is the units digit of k?
9
Suppose 0 = 2*q - 24 - 496. Suppose -3*f + 56 = 5*u, -3*u + 8 = -4. Suppose 7*o - f*o = -q. What is the units digit of o?
2
Let b be (-4)/12*3 - -4. Suppose 3*o = 4*f - 7, -o - 2 = -b*f + 7. Suppose -f*k = 35 - 167. What is the tens digit of k?
3
Let q(y) = -2*y**3 - 12*y**2 - y - 22. What is the units digit of q(-9)?
3
Let h = -124 - -52. What is the units digit of h/(-28)*(-14)/(-3)?
2
Suppose 24*r - 9385 = 31127. What is the thousands digit of r?
1
Suppose -69*n + 3796 = -2069. What is the tens digit of n?
8
Suppose -4*i - 19 + 27 = 0. Let d(a) = 94*a - 1. What is the units digit of d(i)?
7
Suppose 2*a = -2*u + 900, -4*a + 6*u = u - 1827. Suppose -6 = 3*p - a. What is the units digit of p?
9
Let g(c) = c**2 - 5*c - 7. Let f(d) = -d**2 + 5*d + 7. Let t(n) = 6*f(n) + 7*g(n). What is the units digit of t(8)?
7
Let t(r) = -12*r - 1. Let f be t(-4). Let z = f + -8. What is the tens digit of z?
3
Let m(u) = -5 - 4*u**3 + 43*u**2 + 37*u**2 + 0*u - 8*u - 78*u**2. What is the hundreds digit of m(-3)?
1
Let r(k) = 114*k - 24. What is the tens digit of r(5)?
4
Let k = -16 - -28. Let x = k + 43. What is the tens digit of x?
5
Let h be 9/6*48/9. What is the units digit of 8 - h*(-1)/(-2)?
4
Let q(r) = 56*r**2 - 47*r - 14. What is the tens digit of q(-6)?
8
Let v be (2 - -4)*4/8. Suppose 0*a - 5*a - v = -2*f, f - 4 = 0. What is the units digit of a?
1
Suppose 2*w + 0*r = 3*r + 165, -w = -2*r - 82. Let h = w + -41. What is the units digit of h?
3
What is the hundreds digit of (-4 - -1)*(1/1 - 136)?
4
Let z(u) = u + 25. Let g be z(5). Let m = g + 26. What is the units digit of m?
6
Suppose -z + 15*z - 2352 = 0. What is the tens digit of z?
6
Suppose 246 - 771 = -5*w. Let m(d) = 6*d**3 - 3*d + 2. Let y be m(2). Let b = w - y. What is the units digit of b?
1
Let n(p) = 2*p**2 + p - 2. Let k be n(-2). Suppose -k*z = -7*z. Suppose z*t - 160 = -5*t. What is the units digit of t?
2
Suppose -571 = -5*c + 169. Let h = c + -61. What is the tens digit of h?
8
Let n = -1552 + 3580. Suppose 136 - n = -11*g. What is the hundreds digit of g?
1
Suppose -5*a - 5*u = -37 - 13, -5*u + 23 = 2*a. Let d be 2/a - 340/(-90). What is the tens digit of d/(-6) - 366/(-9)?
4
Suppose -j + 0*j + 3*r + 14 = 0, 4*r + 25 = -5*j. Let i(m) = -39*m**3 + 2*m**2 - 5*m**2 - 2*m - 2 + 4*m**2. What is the units digit of i(j)?
0
Let d(g) = 3*g**3 + 5*g**2 - 3*g. Let o = 34 - 37. Let j be d(o). Let b = -9 - j. What is the units digit of b?
8
Suppose 118*l + 34083 = 270083. What is the thousands digit of l?
2
What is the units digit of 14298/9 - ((-100)/15)/5?
0
Suppose 7*y + 5 = 82. Suppose 7*n = y*n - 280. What is the tens digit of n?
7
Let r(c) = 4*c + 4*c + 3*c - 15 - 4*c. Let m be r(11). What is the tens digit of (-126)/(-21)*m/6?
6
Let z(f) = 61*f - 3. Let s be z(-2). Suppose 4*o = 2*l - o + 67, 5*l = -3*o - 245. Let p = l - s. What is the units digit of p?
9
Let p(j) = -j**3 + 23*j**2 + 2*j - 86. What is the hundreds digit of p(21)?
8
Let h(z) = -326*z + 41. What is the units digit of h(-9)?
5
Suppose 344 = 4*w + 4*l, -13*w - 5*l = -18*w + 400. What is the units digit of w?
3
Suppose -28301 = 718*c - 725*c. What is the hundreds digit of c?
0
Suppose -b - 2*t + t = -44, -b = -4*t - 19. Let a = b + 27. What is the units digit of a?
6
Suppose 5*y + 600 = -y. Let i = 184 + y. What is the units digit of i?
4
Let a(r) = r**2. Let x be a(2). Suppose -x*m = -2*m - 20. What is the tens digit of 592/20 + 4/m?
3
Let g(j) be the first derivative of 3*j**3 + 3*j**2/2 - 7*j + 30. What is the tens digit of g(-3)?
6
Let x(w) = w**3 + 16*w**2 - 8*w + 29. Let b be x(-16). Suppose z - 2*z + q + b = 0, q - 302 = -2*z. What is the tens digit of z?
5
Suppose -40 = -v - 120. Let p = v - -197. What is the units digit of p?
7
Let y(j) be the third derivative of 11*j**4/24 - 5*j**3/6 - j**2. Let b(r) = -r**3 - 6*r**2 - 6*r - 1. Let m be b(-5). What is the units digit of y(m)?
9
Let i = 1423 - 954. Let q = -320 + i. What is the units digit of q?
9
Let o(g) = -4*g. Let u be o(2). Let r(j) = -2*j - 15. Let s be r(u). What is the tens digit of (-2 + s)/(2/(-46))?
2
Suppose 4*g = l + 3416, g = -l - 128 + 977. What is the units digit of g?
3
Let i = -37 - -40. Suppose i*j = -j + 208. What is the tens digit of j?
5
Let h(r) = -35*r - 235. What is the units digit of h(-26)?
5
Suppose 22*i = 35022 - 10316. What is the thousands digit of i?
1
Suppose 2*q - q = 108. Let l = q + -28. Suppose -2*x = -7*x + l. What is the tens digit of x?
1
Suppose 0 = r + 1, 4*r = 5*x - 12 - 27. Suppose x*h = 13*h - 816. What is the tens digit of h?
3
Let n be 123/(-9) + 10/15. Let r = 17 + n. Suppose -5*k + 46 = -r*k. What is the units digit of k?
6
Suppose -1 - 3 = -2*m - 4*k, -4*m = -3*k + 3. Let v = m - -1. Suppose -2*n + 18 = 4*g, -5 - v = -3*n + g. What is the units digit of n?
3
What is the units digit of -2 + 5/3 - (-94556)/132?
6
Suppose -4*j + 7182 + 1436 = 5*i, i - 3*j = 1735. What is the thousands digit of i?
1
What is the units digit of 2/(-8)*2*-112?
6
Let j = -45 - -47. Let h(w) = 77*w + 4. What is the tens digit of h(j)?
5
Suppose 3*y = 18*o - 15*o + 81, 5*y - 147 = o. What is the tens digit of y?
3
Let c = -151 + 276. Let u = c + -70. What is the tens digit of u?
5
What is the units digit of (1 - -4) + -9*(-547)/9?
2
Let a(q) = 8*q**2 - q - 153. What is the hundreds digit of a(-7)?
2
Suppose -2990 + 4235 = 5*z. What is the tens digit of z?
4
Let k be (73 - -2)/(21/(-14)). Let f be (2*-1)/1 + 81. Let t = k + f. What is the tens digit of t?
2
Let m = 3438 - 2419. What is the tens digit of m?
1
Let f(w) = -w**3 - 19*w**2 + 63*w + 25. What is the hundreds digit of f(-24)?
3
Suppose 25 = -5*o, 0 = -4*t - o - 13 + 28. Suppose -2 + 13 = -2*r + 3*y, 10 = -t*r + 4*y. What is the units digit of r?
2
Suppose 0 = -10*n - 817 + 6627. What is the tens digit of n?
8
Let b(y) = y - 1. Let w be b(4). Let z(o) = -o**2 - 9*o - 8. Let f be z(-8). Suppose f*